pose 36 = 42*b - 6. Let z be (-8)/4*b*3. Let k(v) = -8*v - 2. What is k(z)?
46
Let f be (1/(-1))/2*0. Let j be f + (1 - 24/8). Let u(d) be the first derivative of -5*d**2 + d + 1. Determine u(j).
21
Let f(x) be the second derivative of -1/3*x**3 + 0 + 2*x + 0*x**2. Let v be (-185)/(-100) - (-78)/520. Determine f(v).
-4
Let q(m) be the first derivative of 1/3*m**3 - 91 + 0*m**2 + 12*m. What is q(0)?
12
Let d = -510 + 503. Let m(g) = -g - 1. Let v(b) = -5*b - 13. Let p(f) = 4*m(f) - v(f). Determine p(d).
2
Suppose -5*p - 4*d - 35 = -2, -5*p - 2*d - 39 = 0. Let q(x) = x**2 + x. Let f(o) = -o**3 - 7*o**2 + o - 9. Let u(n) = f(n) - 2*q(n). Calculate u(p).
0
Let m(l) = l**2 - 4*l - 26. Let a be ((-28)/(-8))/(11/264*-14). What is m(a)?
34
Let f = -497 - -5965/12. Let r(l) be the second derivative of 3/2*l**3 + 0 - l - f*l**4 - 4*l**2. Calculate r(6).
10
Let s(f) = 3*f**2 - 18*f - 17. Let r be s(7). Let d(q) be the second derivative of -q**3 + 3*q**2/2 - 21*q. Calculate d(r).
-21
Let c(j) be the second derivative of 10*j**3/3 + 45*j**2 + 4225*j. Give c(-5).
-10
Let r(t) = t**3 + t. Let z(q) = 5*q**3 + 4*q**2 - q + 10. Let m(d) = 4*r(d) - z(d). Calculate m(4).
-118
Let d(a) = 3*a**2 - 24*a - 16. Let b(k) = -2*k**2 + 6*k. Let f(s) = 2*b(s) + d(s). Give f(-13).
-29
Let o = 72963 + -72960. Suppose -3*k - 18 = -3*d + 2*k, 5*k + 20 = 5*d. Let g(x) = -x + 3 + 0*x + d. Determine g(o).
1
Suppose -3 = -283*g + 284*g. Let z(i) = i**3 + 3*i**2 + i. Calculate z(g).
-3
Let c(i) = -i**2 - 9*i - 8. Suppose 0 = -6*r + 199 + 137. Let z be 9*4/(12/1). Suppose -z*y = -11*y - r. Give c(y).
6
Let g(o) = 13*o**2 - 286*o + 37. Let j(y) = 63*y**2 - 1419*y + 187. Let f(q) = -14*g(q) + 3*j(q). Determine f(36).
7
Let h(l) = 3*l + 0*l + l**3 + 5*l + 9*l**2 - 9. Suppose 54*w + 16 = 52*w. Calculate h(w).
-9
Let g = -12 - -11. Let i(h) = 2*h - 1. Let p(v) = -9*v + 23. Let y(s) = g*p(s) - 5*i(s). Suppose -3*m - 3*c = 18, 5*c = 5*m + c + 48. What is y(m)?
-10
Let x(p) be the second derivative of -p**3/6 - 5*p**2/2 - 6259*p. Suppose -3*f - 2*v = -4, -4*f - 7 + 1 = -3*v. What is x(f)?
-5
Let g(l) = -23*l - 1. Suppose -105*y + 106*y = 3*t - 4, -3*y = -3*t. What is g(y)?
-47
Let s be (-12)/(-2) + -7 + 8 - -2. Let p(k) = 11 - 4*k**2 + 13*k**2 - s*k - 11*k**3 + 12*k**3. Determine p(-10).
1
Let q(r) = -5*r + 9. Let u be q(3). Let p(n) = -n - 4. Let y be p(u). Let f be (3 - (-3)/y)/(6/12). Let g(o) = -o**3 + 10*o**2 - 7*o - 8. Determine g(f).
10
Let q(x) = x**2 + 4*x - 2. Let i = 3 + 17. Suppose 5*k = 4*r + 20, -5*k - 2*r - 2*r - i = 0. Suppose 25 = -5*g - 3*u, 5*g + k*u - 3*u = -25. Calculate q(g).
3
Let r(a) be the first derivative of -a**3 - a**2/2 + a + 31. Let d(n) = n**3 - 5*n**2 + n + 5. Let l be d(4). Let i be l/4 + (-1)/4. What is r(i)?
-9
Let f(d) = 27*d - 187. Let t be f(7). Suppose 2*r = -o + 2, -30 = -2*o - t*o + 3*r. Let g(n) = 2*n + 8. Determine g(o).
20
Suppose -s + 2 - 4 = 4*v, -5*v = 3*s - 15. Let z(x) = -s - x - 2 + 1 - 3. What is z(-14)?
0
Suppose 5*d - 4*t = 22, 4*d + 14*t - 41*t - 208 = 0. Let u(p) be the second derivative of p**5/20 - p**2/2 - p. Give u(d).
-9
Let k(z) = z**2 - 5*z - 7. Let w(j) = -3*j + 43. Let b be w(12). Let f = b - 8. Let c be (-18)/(-3) - (1 + f). Determine k(c).
-1
Let c(x) be the first derivative of -1/3*x**3 + 108 + 9*x + 3*x**2. Give c(7).
2
Let q(a) = a**2 - 92*a - 10424. Let r be q(158). Let l(k) be the second derivative of -k**2 + 1/12*k**r + k**3 + 0 + 11*k. Calculate l(-6).
-2
Let j(s) = s - 6. Suppose 0 = 3*l + 5*d - 35, -3*l - 4*d - 83 + 117 = 0. What is j(l)?
4
Let m = 169 - 156. Let c(o) = -16 + 25 - o - m. Give c(-4).
0
Suppose -3*r + 180 = 3*b + 195, -r - 13 = 3*b. Let h(d) = 4*d + 3*d - 9 + 15 - 2*d**2 + 4*d**2. Give h(b).
10
Suppose 0 = 2*p + 2*l + 60, 3*l = -10*p + 5*p - 158. Let t(r) = -r**3 - 33*r**2 + 27*r - 246. Determine t(p).
-8
Let w(p) = 5*p - 2. Suppose 0 = -q - 4*f + 1, 7*f = -5*q + 2*f - 40. Let k = 15 + q. Let d(r) = -11*r + 4. Let h(t) = k*d(t) + 9*w(t). Determine h(4).
2
Let h(r) be the second derivative of -r**3/6 + r. Let a(g) = 1420*g + 9934. Let k be a(-7). Calculate h(k).
6
Suppose -g + 2152 = 5*o - 1127, 4*o + 5*g = 2619. Let i = o + -637. Let d(f) = f**3 - 20*f**2 + 19*f + 5. Calculate d(i).
5
Let h(q) be the first derivative of -q - 86 + 21/2*q**2. Give h(1).
20
Let q(o) = -o - 2. Let v(g) = 358 - 712 + 3*g + 358. Let n(b) = 4*q(b) + v(b). Give n(-16).
12
Suppose -29 = -69*x - 167. Let o(f) = -19*f**3 + 3*f**2 + 3*f + 3. Determine o(x).
161
Let r(q) = 6*q**2 - 3*q + 2. Suppose -7*j + 9 = -4*j. Suppose -j*n = -3*g - 0*n - 54, -3*g = -n + 58. Let a = -18 - g. What is r(a)?
20
Let j(p) = -3*p**2 - p - 1. Suppose 1 = -2*i + n + 2, -4*n - 4 = 2*i. Suppose 4 = -i*l + 2*l. Suppose -l = -2*u + 2. Calculate j(u).
-15
Let x = 15 - 14. Let f(v) be the second derivative of 7*v**4/3 + v**3/3 - v**2/2 + 7*v + 17. Give f(x).
29
Let o(g) = -g**2 - g - 2. Suppose 5*j = -0*j + 4*k + 760, -k = 5. Suppose -3*h - 5*z = -0*h + j, -5*h - 2*z = 234. Let v = 48 + h. What is o(v)?
-8
Suppose -3*c - 3*d = 200 - 203, -4*c + 28 = -2*d. Let i(t) = -2*t + 5. Let k(q) = -6*q + 15. Let m(a) = 8*i(a) - 3*k(a). What is m(c)?
5
Let n(g) = -g**2 + 5*g - 6. Let p(v) = -v. Let u(w) = -n(w) + 3*p(w). Suppose 5*j + 6*k - 34 = 0, 7*k + 5 = 2*k. Give u(j).
6
Let d(k) be the second derivative of 11*k**4/6 - 7*k**3/6 + 5*k**2/2 - 1202*k. Calculate d(2).
79
Let a(k) be the second derivative of -k**4/12 - k**3 + 3*k**2 - 2*k. Suppose 3*q + 5*t + 3*t = -87, 27 = -3*t. What is a(q)?
11
Let d(w) = -140*w**2 - 139*w**2 + 4*w + 280*w**2 - 2. Determine d(4).
30
Let w(v) = -4648*v + 0 - 2 + 4646*v + v**2. Suppose 0 = -3*h - 2*l + 4, 4*h - 2*h - 3*l - 7 = 0. Suppose -3*p + 13 = h*o - 0*p, -2*p = -6. Determine w(o).
-2
Let z(o) = 9*o**3 - 6*o**2 - 2*o + 31. Let u(t) = -10*t**3 + 6*t**2 + 2*t - 35. Let c(h) = 8*u(h) + 9*z(h). Give c(6).
-13
Let h be ((-1)/3)/((-3)/18). Suppose 6*w + h = 3*w - 2*v, w = 4*v + 18. Let l(d) = 1 - 5 + 2 + d**3 + 5*d**w - d**2. Determine l(-3).
7
Let s(u) = 12*u - 11*u - 91*u**2 + 92*u**2 - 12. Let j(p) = p**2 - 3. Let c(x) = -4*j(x) + s(x). Calculate c(2).
-10
Suppose -26074 = 132*z - 26206. Let p(i) = -9*i + 2. Let n(v) = 341*v - 77. Let r(q) = 4*n(q) + 154*p(q). What is r(z)?
-22
Let a(f) be the second derivative of f**4/24 - 39*f**2/2 - 23*f. Let w(p) be the first derivative of a(p). Give w(-6).
-6
Let w(t) = t + 21. Let j(c) = 7*c + 134. Let k(r) = -6*j(r) + 39*w(r). Calculate k(5).
0
Let u(o) = 2*o**2 + 24*o + 49. Suppose -5*j = -5*t + 60, -814*j + 812*j = 5*t + 10. Calculate u(j).
9
Let o(m) = -m**3 - 4*m**2 - 9. Let n(g) = 30*g + 656. Let c be n(-22). Give o(c).
-9
Let g be (-4)/(-6)*3/(-2). Let w(f) be the third derivative of 0*f**3 - 57*f**2 + 0*f - 13/60*f**5 - 1/24*f**4 + 0. What is w(g)?
-12
Let p(a) = -a**3 + 4*a**2 - 2*a + 2. Suppose -69 = -x - 67. Let f be 2 + (-25)/(x + -7). Suppose 5*m - 20 = -5*k, 5*k - 13 = -m + f. Calculate p(k).
-6
Suppose -4 = 4*x + 3*o, 4*x - 4*o + 3*o = -4. Let c(p) be the first derivative of -5*p**3/3 - 3*p**2/2 - 3*p + 1. Determine c(x).
-5
Let z(o) = 2*o**2 - 503*o - 502. Let p be z(-1). Let u(s) be the first derivative of 1/3*s**p + 2*s - 3/2*s**2 - 40. Determine u(4).
6
Let s(o) = -o + 7. Let q(k) = 7*k**2 + 194*k - 63. Suppose -101*r + 5*j = -102*r - 48, -4*r - 5*j = 132. Let i be q(r). Determine s(i).
14
Let n = -6 - -11. Let l be (-5 - -6) + (n - 3). Let i(q) = -4*q + 7. Give i(l).
-5
Let m(o) = -2*o**3 - 50*o**2 + 31*o + 61. Let q be m(-25). Let l = 713 + q. Let d(i) = i. Determine d(l).
-1
Suppose -z = 3*z + 3*d - 20, 0 = 4*z - 4*d - 20. Suppose 2*i = -b - 0*i + 1, -3*i = -5*b + 18. Let m(k) = k**2 - 5*k - b - 2 + 3 + z. Give m(4).
-1
Suppose 35*f - 15*f + 8980 = 0. Let w = f + 456. Let i(m) = -3 + 6*m**2 + 11 + 6*m - m**3 + 0*m**2. What is i(w)?
1
Let g = -20 - -12. Suppose -8*c = -345 - 399. Let n(u) = -4 + 92*u + c*u - 183*u. Calculate n(g).
-20
Let y(r) be the second derivative of -r**3/6 - 4*r**2 + 298*r. What is y(-3)?
-5
Let u = 0 - -2. Let l(a) = 14*a - 73. Let p be l(7). Let q(m) = 43*m - p*m - 20*m. Give q(u).
-4
Suppose 82*m - 160 = 80*m. Let p = m + -80. Let i be 1*((p - 4) + -3). Let z(k) = k**2 + 4*k - 7. Calculate z(i).
14
Let m be 0 - ((0 - -3) + 0). Let x be (0 - (